{"id":2573,"date":"2020-05-21T17:11:09","date_gmt":"2020-05-21T17:11:09","guid":{"rendered":"http:\/\/espai-marx.net\/elsarbres\/?post_type=rcno_review&#038;p=2573"},"modified":"2020-05-21T17:12:50","modified_gmt":"2020-05-21T17:12:50","slug":"lo-ideal-y-lo-material-maurice-godelier","status":"publish","type":"rcno_review","link":"https:\/\/espai-marx.net\/elsarbres\/review\/lo-ideal-y-lo-material-maurice-godelier\/","title":{"rendered":"Lo ideal y lo material &#8211; Maurice Godelier"},"content":{"rendered":"<p><a href=\"http:\/\/espai-marx.net\/elsarbres\/wp-content\/uploads\/2020\/05\/Godelier_-_Lo_ideal_y_lo_Material_libro.pdf\">Descargar (PDF)<\/a><\/p>\n<p>El hombre, a diferencia de los dem\u00e1s animales sociales, no se contenta con vivir en sociedad: produce la sociedad para vivir. Pero producir la sociedad no es inventarla, sino actuar sobre las condiciones originarias de existencia para convertirse as\u00ed en coautor &#8211; junto con la naturaleza &#8211; de su evoluci\u00f3n posterior. Sopesar la importancia o funci\u00f3n que tienen las realidades materiales &#8211; las de la naturaleza exterior al hombre &#8211; frente a las ideales &#8211; las que \u00e9l ha creado y mediante las cuales los miembros de una sociedad se representan el mundo y lo interpretan &#8211; es el objetivo de este libro. El punto de apoyo del an\u00e1lisis est\u00e1 en la constataci\u00f3n de que la parte ideal de toda relaci\u00f3n social no es \u00fanicamente el reflejo de esta relaci\u00f3n en el pensamiento, sino que constituye una de las condiciones mismas de su nacimiento.<\/p>\n","protected":false},"excerpt":{"rendered":"<p>Descargar (PDF) El hombre, a diferencia de los dem\u00e1s animales sociales, no se contenta con vivir en sociedad: produce la<\/p>\n","protected":false},"author":5,"featured_media":2575,"comment_status":"open","ping_status":"closed","template":"","categories":[251,402],"tags":[934],"rcno\/autores":[935],"rcno\/series":[],"rcno\/publishers":[409],"class_list":["post-2573","rcno_review","type-rcno_review","status-publish","has-post-thumbnail","hentry","category-cultura","category-sociologia","tag-ideal","rcno_autor-maurice-godelier"],"_links":{"self":[{"href":"https:\/\/espai-marx.net\/elsarbres\/wp-json\/wp\/v2\/rcno\/reviews\/2573","targetHints":{"allow":["GET"]}}],"collection":[{"href":"https:\/\/espai-marx.net\/elsarbres\/wp-json\/wp\/v2\/rcno\/reviews"}],"about":[{"href":"https:\/\/espai-marx.net\/elsarbres\/wp-json\/wp\/v2\/types\/rcno_review"}],"author":[{"embeddable":true,"href":"https:\/\/espai-marx.net\/elsarbres\/wp-json\/wp\/v2\/users\/5"}],"replies":[{"embeddable":true,"href":"https:\/\/espai-marx.net\/elsarbres\/wp-json\/wp\/v2\/comments?post=2573"}],"version-history":[{"count":1,"href":"https:\/\/espai-marx.net\/elsarbres\/wp-json\/wp\/v2\/rcno\/reviews\/2573\/revisions"}],"predecessor-version":[{"id":2576,"href":"https:\/\/espai-marx.net\/elsarbres\/wp-json\/wp\/v2\/rcno\/reviews\/2573\/revisions\/2576"}],"wp:featuredmedia":[{"embeddable":true,"href":"https:\/\/espai-marx.net\/elsarbres\/wp-json\/wp\/v2\/media\/2575"}],"wp:attachment":[{"href":"https:\/\/espai-marx.net\/elsarbres\/wp-json\/wp\/v2\/media?parent=2573"}],"wp:term":[{"taxonomy":"category","embeddable":true,"href":"https:\/\/espai-marx.net\/elsarbres\/wp-json\/wp\/v2\/categories?post=2573"},{"taxonomy":"post_tag","embeddable":true,"href":"https:\/\/espai-marx.net\/elsarbres\/wp-json\/wp\/v2\/tags?post=2573"},{"taxonomy":"rcno_autor","embeddable":true,"href":"https:\/\/espai-marx.net\/elsarbres\/wp-json\/wp\/v2\/rcno\/autores?post=2573"},{"taxonomy":"rcno_series","embeddable":true,"href":"https:\/\/espai-marx.net\/elsarbres\/wp-json\/wp\/v2\/rcno\/series?post=2573"},{"taxonomy":"rcno_publisher","embeddable":true,"href":"https:\/\/espai-marx.net\/elsarbres\/wp-json\/wp\/v2\/rcno\/publishers?post=2573"}],"curies":[{"name":"wp","href":"https:\/\/api.w.org\/{rel}","templated":true}]}}

<p><a href="http://espai-marx.net/elsarbres/wp-content/uploads/2020/05/Godelier_-_Lo_ideal_y_lo_Material_libro.pdf">Descargar (PDF)</a></p>
<p>El hombre, a diferencia de los demás animales sociales, no se contenta con vivir en sociedad: produce la sociedad para vivir. Pero producir la sociedad no es inventarla, sino actuar sobre las condiciones originarias de existencia para convertirse así en coautor &#8211; junto con la naturaleza &#8211; de su evolución posterior. Sopesar la importancia o función que tienen las realidades materiales &#8211; las de la naturaleza exterior al hombre &#8211; frente a las ideales &#8211; las que él ha creado y mediante las cuales los miembros de una sociedad se representan el mundo y lo interpretan &#8211; es el objetivo de este libro. El punto de apoyo del análisis está en la constatación de que la parte ideal de toda relación social no es únicamente el reflejo de esta relación en el pensamiento, sino que constituye una de las condiciones mismas de su nacimiento.</p>

<p>Descargar (PDF) El hombre, a diferencia de los demás animales sociales, no se contenta con vivir en sociedad: produce la</p>
