{"id":19,"date":"2024-07-05T08:18:25","date_gmt":"2024-07-05T08:18:25","guid":{"rendered":"https:\/\/espai-marx.net\/sacristan\/?page_id=19"},"modified":"2025-01-22T17:40:33","modified_gmt":"2025-01-22T18:40:33","slug":"aniversario-sacristan","status":"publish","type":"page","link":"https:\/\/espai-marx.net\/sacristan\/","title":{"rendered":"Aniversario Sacrist\u00e1n"},"content":{"rendered":"\r\n<p><strong>Aniversario Manuel Sacrist\u00e1n<\/strong><\/p>\r\n\r\n\r\n\r\n<p>En 2025 se conmemora el centenario del nacimiento de Manuel Sacrist\u00e1n Luz\u00f3n (1925-1985), destacado fil\u00f3sofo marxista y ecologista espa\u00f1ol. Sacrist\u00e1n no solo fue una figura clave en la filosof\u00eda contempor\u00e1nea espa\u00f1ola, sino tambi\u00e9n un activista comprometido con la defensa del pensamiento cr\u00edtico y la ecolog\u00eda.<\/p>\r\n\r\n\r\n\r\n<p><strong>Campa\u00f1a del Centenario<\/strong><\/p>\r\n\r\n\r\n\r\n<p>La campa\u00f1a del Centenario de Manuel Sacrist\u00e1n est\u00e1 siendo impulsada por un grupo motor compuesto por diferentes personas activistas y estudiosos del pensamiento de Sacrist\u00e1n. Nuestro objetivo es difundir y celebrar el legado intelectual y militante de Sacrist\u00e1n, promoviendo su relevancia en la filosof\u00eda, la ecolog\u00eda y el activismo social contempor\u00e1neo.<\/p>\r\n<p><strong>Objetivos<\/strong><\/p>\r\n\r\n\r\n\r\n<ol class=\"wp-block-list\">\r\n<li><strong>Reconocimiento y difusi\u00f3n:<\/strong> Dar a conocer la figura y obra de Manuel Sacrist\u00e1n a un p\u00fablico amplio, tanto en Espa\u00f1a como a nivel internacional.<\/li>\r\n\r\n\r\n\r\n<li><strong>Reflexi\u00f3n y debate:<\/strong> Fomentar el estudio y la discusi\u00f3n sobre los temas clave abordados por Sacrist\u00e1n, como la cr\u00edtica marxista, la filosof\u00eda de la ciencia y la ecolog\u00eda pol\u00edtica.<\/li>\r\n\r\n\r\n\r\n<li><strong>Legado y relevancia:<\/strong> Subrayar la vigencia de su pensamiento en conexi\u00f3n con los desaf\u00edos actuales relacionados con la cat\u00e1strofe medioambiental, la justicia social, el feminismo y la democracia, entre otras cuestiones.<\/li>\r\n<\/ol>\r\n\r\n\r\n\r\n<p><strong>Formas de Participar<\/strong><\/p>\r\n\r\n\r\n\r\n<ul class=\"wp-block-list\">\r\n<li><strong>Eventos y conferencias:<\/strong> Organizaci\u00f3n de simposios, mesas redondas y conferencias para profundizar en aspectos espec\u00edficos de la obra de Sacrist\u00e1n.<\/li>\r\n\r\n\r\n\r\n<li><strong>Publicaciones y materiales educativos:<\/strong> Producci\u00f3n de libros, art\u00edculos y recursos educativos que difundan sus ideas y metodolog\u00edas.<\/li>\r\n\r\n\r\n\r\n<li><strong>Activismo y movilizaci\u00f3n:<\/strong> Incentivar acciones pr\u00e1cticas en defensa del medio ambiente y la justicia social, inspiradas en los principios de un programa emancipatorio ecosocialista.<\/li>\r\n<\/ul>\r\n\r\n\r\n\r\n<p>\u00danete a nosotros continuar su legado de pensamiento cr\u00edtico y compromiso con un mundo m\u00e1s justo y sostenible.<\/p>\r\n\r\n\r\n\r\n<p><strong>Sobre esta web<\/strong><\/p>\r\n<p>Esta campa\u00f1a por el centenario de Manuel Sacrist\u00e1n es impulsada por un grupo motor compuesto por personas de diversos \u00e1mbitos culturales y pol\u00edticos, unidas por su inter\u00e9s en su pensamiento. La campa\u00f1a no est\u00e1 adscrita a ninguna organizaci\u00f3n o entidad en particular, y tiene como objetivo actuar como espacio para publicar todas las iniciativas relacionadas con el centenario, as\u00ed como ser un catalizador de nuevas propuestas.<\/p>\r\n<p>Desde un punto de vista t\u00e9cnico, esta web ha sido posible gracias al apoyo del colectivo cultural Espai Marx, que nos ha permitido emplear su alojamiento para hospedar nuestra p\u00e1gina <a href=\"http:\/\/www.sacristan2025.org\">www.sacristan2025.org<\/a>, adem\u00e1s de prestarnos ayuda inform\u00e1tica para su dise\u00f1o. El colectivo Espai Marx ha respondido generosamente a nuestra solicitud de ayuda en este sentido. M\u00e1s all\u00e1 de esta colaboraci\u00f3n t\u00e9cnica, que agradecemos enormemente, los contenidos de la web son gestionados de manera independiente por las personas que componen el Grupo Motor.<\/p>\r\n<p><strong>Consulta el v\u00eddeo de la presentaci\u00f3n de la campa\u00f1a del Centenario (Rivas Vaciamadrid, septiembre de 2024)<\/strong><\/p>\r\n<p><iframe loading=\"lazy\" title=\"Presentaci\u00f3n del Centenario Sacrist\u00e1n - Fiesta PCE 2024\" width=\"800\" height=\"450\" src=\"https:\/\/www.youtube.com\/embed\/7r6d_Xjmvcc?feature=oembed\" frameborder=\"0\" allow=\"accelerometer; autoplay; clipboard-write; encrypted-media; gyroscope; picture-in-picture; web-share\" referrerpolicy=\"strict-origin-when-cross-origin\" allowfullscreen><\/iframe><\/p>\r\n<p><iframe loading=\"lazy\" title=\"Fiesta PCE 2024 - Campa\u00f1a por el A\u00f1o Manuel Sacrist\u00e1n en el centenario de su nacimiento (1925-1985)\" width=\"800\" height=\"450\" src=\"https:\/\/www.youtube.com\/embed\/P8hEGHm3-98?feature=oembed\" frameborder=\"0\" allow=\"accelerometer; autoplay; clipboard-write; encrypted-media; gyroscope; picture-in-picture; web-share\" referrerpolicy=\"strict-origin-when-cross-origin\" allowfullscreen><\/iframe><\/p>\r\n<p>\r\n\r\n<\/p>\r\n<p>&nbsp;<\/p>\r\n","protected":false},"excerpt":{"rendered":"<p>Aniversario Manuel Sacrist\u00e1n En 2025 se conmemora el centenario del nacimiento de Manuel Sacrist\u00e1n Luz\u00f3n (1925-1985), destacado fil\u00f3sofo marxista y<\/p>\n","protected":false},"author":4,"featured_media":0,"parent":0,"menu_order":0,"comment_status":"closed","ping_status":"closed","template":"","meta":{"footnotes":""},"class_list":["post-19","page","type-page","status-publish","hentry"],"_links":{"self":[{"href":"https:\/\/espai-marx.net\/sacristan\/index.php?rest_route=\/wp\/v2\/pages\/19","targetHints":{"allow":["GET"]}}],"collection":[{"href":"https:\/\/espai-marx.net\/sacristan\/index.php?rest_route=\/wp\/v2\/pages"}],"about":[{"href":"https:\/\/espai-marx.net\/sacristan\/index.php?rest_route=\/wp\/v2\/types\/page"}],"author":[{"embeddable":true,"href":"https:\/\/espai-marx.net\/sacristan\/index.php?rest_route=\/wp\/v2\/users\/4"}],"replies":[{"embeddable":true,"href":"https:\/\/espai-marx.net\/sacristan\/index.php?rest_route=%2Fwp%2Fv2%2Fcomments&post=19"}],"version-history":[{"count":9,"href":"https:\/\/espai-marx.net\/sacristan\/index.php?rest_route=\/wp\/v2\/pages\/19\/revisions"}],"predecessor-version":[{"id":1286,"href":"https:\/\/espai-marx.net\/sacristan\/index.php?rest_route=\/wp\/v2\/pages\/19\/revisions\/1286"}],"wp:attachment":[{"href":"https:\/\/espai-marx.net\/sacristan\/index.php?rest_route=%2Fwp%2Fv2%2Fmedia&parent=19"}],"curies":[{"name":"wp","href":"https:\/\/api.w.org\/{rel}","templated":true}]}}