{"id":1739,"date":"2025-08-23T17:40:37","date_gmt":"2025-08-23T15:40:37","guid":{"rendered":"https:\/\/espai-marx.net\/sacristan\/?post_type=tribe_events&#038;p=1739"},"modified":"2025-09-20T18:56:51","modified_gmt":"2025-09-20T16:56:51","slug":"presentacion-del-monografico-de-nuestra-bandera-dedicado-a-manuel-sacristan","status":"publish","type":"tribe_events","link":"https:\/\/espai-marx.net\/sacristan\/?tribe_events=presentacion-del-monografico-de-nuestra-bandera-dedicado-a-manuel-sacristan","title":{"rendered":"Presentaci\u00f3n del monogr\u00e1fico de Nuestra Bandera dedicado a Manuel Sacrist\u00e1n"},"content":{"rendered":"<h1 data-start=\"198\" data-end=\"266\">El centenario de Sacrist\u00e1n llega a la Fiesta del PCE<\/h1>\n<div><strong><i>El n\u00famero especial de\u00a0Nuestra Bandera\u00a0se presenta el s\u00e1bado 27 de septiembre a las 12 h, con la participaci\u00f3n de Montserrat Galcer\u00e1n, Francisco Sierra, Marga Sanz, Eddy S\u00e1nchez y Jos\u00e9 Sarri\u00f3n.<\/i><\/strong><\/div>\n<p style=\"font-weight: 400;\">La Fiesta del PCE acoger\u00e1 este a\u00f1o la presentaci\u00f3n p\u00fablica del monogr\u00e1fico de\u00a0<em>Nuestra Bandera<\/em>\u00a0dedicado a Manuel Sacrist\u00e1n, en el a\u00f1o de su centenario. La cita ser\u00e1 el s\u00e1bado 27 de septiembre, a las 12 de la ma\u00f1ana, en el espacio de debates de la Fiesta.<\/p>\n<p style=\"font-weight: 400;\">En el acto intervendr\u00e1n cinco participantes del n\u00famero: Montserrat Galcer\u00e1n, Catedr\u00e1tica de Filosof\u00eda de la Universidad Complutense de Madrid y exconcejal del Ayuntamiento de Madrid; Francisco Sierra, Catedr\u00e1tico de Comunicaci\u00f3n de la Universidad de Sevilla y diputado de Izquierda Unida; Marga Sanz, directora de\u00a0<em>Nuestra Bandera<\/em>; Eddy Sanchez, profesor en la Universidad Complutense de Madrid y Director de la FIM; y Jos\u00e9 Sarri\u00f3n, profesor de Filosof\u00eda de la Universidad de Salamacna y coordinador del monogr\u00e1fico. La mesa redonda servir\u00e1 para recorrer la trayectoria intelectual y pol\u00edtica del pensador comunista, pero sobre todo para dialogar sobre su vigencia ante los desaf\u00edos del presente.<\/p>\n<p style=\"font-weight: 400;\">El objetivo es doble: recordar a Sacrist\u00e1n como un cl\u00e1sico del marxismo y, al mismo tiempo, actualizar su \u201ccaja de herramientas\u201d para las luchas actuales. Como subrayan los organizadores, el homenaje no se limita a la memoria, sino que busca fortalecer la batalla cultural y pol\u00edtica frente a la extrema derecha, el productivismo capitalista y la crisis civilizatoria.<\/p>\n<p style=\"font-weight: 400;\">La Fiesta del PCE se convierte as\u00ed en un espacio privilegiado para hacer confluir reflexi\u00f3n y militancia, teor\u00eda y pr\u00e1ctica, en la mejor tradici\u00f3n sacristaniana. La invitaci\u00f3n es abierta: toda persona interesada en conocer y debatir el legado de Sacrist\u00e1n encontrar\u00e1 en este acto un punto de encuentro imprescindible.<\/p>\n<p style=\"font-weight: 400;\">\n","protected":false},"excerpt":{"rendered":"<p>El centenario de Sacrist\u00e1n llega a la Fiesta del PCE El n\u00famero especial de\u00a0Nuestra Bandera\u00a0se presenta el s\u00e1bado 27 de<\/p>\n","protected":false},"author":4,"featured_media":1840,"template":"","meta":{"_tribe_events_status":"","_tribe_events_status_reason":"","footnotes":""},"tags":[],"tribe_events_cat":[],"class_list":["post-1739","tribe_events","type-tribe_events","status-publish","has-post-thumbnail","hentry"],"_links":{"self":[{"href":"https:\/\/espai-marx.net\/sacristan\/index.php?rest_route=\/wp\/v2\/tribe_events\/1739","targetHints":{"allow":["GET"]}}],"collection":[{"href":"https:\/\/espai-marx.net\/sacristan\/index.php?rest_route=\/wp\/v2\/tribe_events"}],"about":[{"href":"https:\/\/espai-marx.net\/sacristan\/index.php?rest_route=\/wp\/v2\/types\/tribe_events"}],"author":[{"embeddable":true,"href":"https:\/\/espai-marx.net\/sacristan\/index.php?rest_route=\/wp\/v2\/users\/4"}],"version-history":[{"count":4,"href":"https:\/\/espai-marx.net\/sacristan\/index.php?rest_route=\/wp\/v2\/tribe_events\/1739\/revisions"}],"predecessor-version":[{"id":1842,"href":"https:\/\/espai-marx.net\/sacristan\/index.php?rest_route=\/wp\/v2\/tribe_events\/1739\/revisions\/1842"}],"wp:featuredmedia":[{"embeddable":true,"href":"https:\/\/espai-marx.net\/sacristan\/index.php?rest_route=\/wp\/v2\/media\/1840"}],"wp:attachment":[{"href":"https:\/\/espai-marx.net\/sacristan\/index.php?rest_route=%2Fwp%2Fv2%2Fmedia&parent=1739"}],"wp:term":[{"taxonomy":"post_tag","embeddable":true,"href":"https:\/\/espai-marx.net\/sacristan\/index.php?rest_route=%2Fwp%2Fv2%2Ftags&post=1739"},{"taxonomy":"tribe_events_cat","embeddable":true,"href":"https:\/\/espai-marx.net\/sacristan\/index.php?rest_route=%2Fwp%2Fv2%2Ftribe_events_cat&post=1739"}],"curies":[{"name":"wp","href":"https:\/\/api.w.org\/{rel}","templated":true}]}}

Presentación del monográfico de Nuestra Bandera dedicado a Manuel Sacristán

<h1 data-start="198" data-end="266">El centenario de Sacristán llega a la Fiesta del PCE</h1>
<div><strong><i>El número especial de Nuestra Bandera se presenta el sábado 27 de septiembre a las 12 h, con la participación de Montserrat Galcerán, Francisco Sierra, Marga Sanz, Eddy Sánchez y José Sarrión.</i></strong></div>
<p style="font-weight: 400;">La Fiesta del PCE acogerá este año la presentación pública del monográfico de <em>Nuestra Bandera</em> dedicado a Manuel Sacristán, en el año de su centenario. La cita será el sábado 27 de septiembre, a las 12 de la mañana, en el espacio de debates de la Fiesta.</p>
<p style="font-weight: 400;">En el acto intervendrán cinco participantes del número: Montserrat Galcerán, Catedrática de Filosofía de la Universidad Complutense de Madrid y exconcejal del Ayuntamiento de Madrid; Francisco Sierra, Catedrático de Comunicación de la Universidad de Sevilla y diputado de Izquierda Unida; Marga Sanz, directora de <em>Nuestra Bandera</em>; Eddy Sanchez, profesor en la Universidad Complutense de Madrid y Director de la FIM; y José Sarrión, profesor de Filosofía de la Universidad de Salamacna y coordinador del monográfico. La mesa redonda servirá para recorrer la trayectoria intelectual y política del pensador comunista, pero sobre todo para dialogar sobre su vigencia ante los desafíos del presente.</p>
<p style="font-weight: 400;">El objetivo es doble: recordar a Sacristán como un clásico del marxismo y, al mismo tiempo, actualizar su “caja de herramientas” para las luchas actuales. Como subrayan los organizadores, el homenaje no se limita a la memoria, sino que busca fortalecer la batalla cultural y política frente a la extrema derecha, el productivismo capitalista y la crisis civilizatoria.</p>
<p style="font-weight: 400;">La Fiesta del PCE se convierte así en un espacio privilegiado para hacer confluir reflexión y militancia, teoría y práctica, en la mejor tradición sacristaniana. La invitación es abierta: toda persona interesada en conocer y debatir el legado de Sacristán encontrará en este acto un punto de encuentro imprescindible.</p>
<p style="font-weight: 400;">

<p>El centenario de Sacristán llega a la Fiesta del PCE El número especial de Nuestra Bandera se presenta el sábado 27 de</p>
