{"id":1893,"date":"2025-09-29T02:16:29","date_gmt":"2025-09-29T00:16:29","guid":{"rendered":"https:\/\/espai-marx.net\/sacristan\/?post_type=tribe_events&#038;p=1893"},"modified":"2025-11-11T17:17:03","modified_gmt":"2025-11-11T16:17:03","slug":"acto-sobre-sacristan-en-badajoz","status":"publish","type":"tribe_events","link":"https:\/\/espai-marx.net\/sacristan\/?tribe_events=acto-sobre-sacristan-en-badajoz","title":{"rendered":"Acto en Badajoz con Miguel Manzanera y Jos\u00e9 Sarri\u00f3n"},"content":{"rendered":"<p>El Sindicato 25 de Marzo organizar\u00e1 una Jornada sobre Sacrist\u00e1n, con la participaci\u00f3n de Miguel Manzanera y Jos\u00e9 Sarri\u00f3n.<\/p>\n","protected":false},"excerpt":{"rendered":"<p>El Sindicato 25 de Marzo organizar\u00e1 una Jornada sobre Sacrist\u00e1n, con la participaci\u00f3n de Miguel Manzanera y Jos\u00e9 Sarri\u00f3n.<\/p>\n","protected":false},"author":6,"featured_media":1951,"template":"","meta":{"_tribe_events_status":"","_tribe_events_status_reason":"","footnotes":""},"tags":[],"tribe_events_cat":[],"class_list":["post-1893","tribe_events","type-tribe_events","status-publish","has-post-thumbnail","hentry"],"_links":{"self":[{"href":"https:\/\/espai-marx.net\/sacristan\/index.php?rest_route=\/wp\/v2\/tribe_events\/1893","targetHints":{"allow":["GET"]}}],"collection":[{"href":"https:\/\/espai-marx.net\/sacristan\/index.php?rest_route=\/wp\/v2\/tribe_events"}],"about":[{"href":"https:\/\/espai-marx.net\/sacristan\/index.php?rest_route=\/wp\/v2\/types\/tribe_events"}],"author":[{"embeddable":true,"href":"https:\/\/espai-marx.net\/sacristan\/index.php?rest_route=\/wp\/v2\/users\/6"}],"version-history":[{"count":3,"href":"https:\/\/espai-marx.net\/sacristan\/index.php?rest_route=\/wp\/v2\/tribe_events\/1893\/revisions"}],"predecessor-version":[{"id":1952,"href":"https:\/\/espai-marx.net\/sacristan\/index.php?rest_route=\/wp\/v2\/tribe_events\/1893\/revisions\/1952"}],"wp:featuredmedia":[{"embeddable":true,"href":"https:\/\/espai-marx.net\/sacristan\/index.php?rest_route=\/wp\/v2\/media\/1951"}],"wp:attachment":[{"href":"https:\/\/espai-marx.net\/sacristan\/index.php?rest_route=%2Fwp%2Fv2%2Fmedia&parent=1893"}],"wp:term":[{"taxonomy":"post_tag","embeddable":true,"href":"https:\/\/espai-marx.net\/sacristan\/index.php?rest_route=%2Fwp%2Fv2%2Ftags&post=1893"},{"taxonomy":"tribe_events_cat","embeddable":true,"href":"https:\/\/espai-marx.net\/sacristan\/index.php?rest_route=%2Fwp%2Fv2%2Ftribe_events_cat&post=1893"}],"curies":[{"name":"wp","href":"https:\/\/api.w.org\/{rel}","templated":true}]}}

Acto en Badajoz con Miguel Manzanera y José Sarrión

<p>El Sindicato 25 de Marzo organizará una Jornada sobre Sacristán, con la participación de Miguel Manzanera y José Sarrión.</p>
