{"id":1924,"date":"2025-10-26T23:22:04","date_gmt":"2025-10-26T22:22:04","guid":{"rendered":"https:\/\/espai-marx.net\/sacristan\/?post_type=tribe_events&#038;p=1924"},"modified":"2025-10-26T23:22:33","modified_gmt":"2025-10-26T22:22:33","slug":"escuela-de-formacion-de-joventut-dels-comunistes-de-catalunya-con-victor-rios","status":"publish","type":"tribe_events","link":"https:\/\/espai-marx.net\/sacristan\/?tribe_events=escuela-de-formacion-de-joventut-dels-comunistes-de-catalunya-con-victor-rios","title":{"rendered":"Escuela de formaci\u00f3n de Joventut dels Comunistes de Catalunya, con V\u00edctor R\u00edos"},"content":{"rendered":"","protected":false},"excerpt":{"rendered":"","protected":false},"author":4,"featured_media":1925,"template":"","meta":{"_tribe_events_status":"","_tribe_events_status_reason":"","footnotes":""},"tags":[],"tribe_events_cat":[],"class_list":["post-1924","tribe_events","type-tribe_events","status-publish","has-post-thumbnail","hentry"],"_links":{"self":[{"href":"https:\/\/espai-marx.net\/sacristan\/index.php?rest_route=\/wp\/v2\/tribe_events\/1924","targetHints":{"allow":["GET"]}}],"collection":[{"href":"https:\/\/espai-marx.net\/sacristan\/index.php?rest_route=\/wp\/v2\/tribe_events"}],"about":[{"href":"https:\/\/espai-marx.net\/sacristan\/index.php?rest_route=\/wp\/v2\/types\/tribe_events"}],"author":[{"embeddable":true,"href":"https:\/\/espai-marx.net\/sacristan\/index.php?rest_route=\/wp\/v2\/users\/4"}],"version-history":[{"count":1,"href":"https:\/\/espai-marx.net\/sacristan\/index.php?rest_route=\/wp\/v2\/tribe_events\/1924\/revisions"}],"predecessor-version":[{"id":1926,"href":"https:\/\/espai-marx.net\/sacristan\/index.php?rest_route=\/wp\/v2\/tribe_events\/1924\/revisions\/1926"}],"wp:featuredmedia":[{"embeddable":true,"href":"https:\/\/espai-marx.net\/sacristan\/index.php?rest_route=\/wp\/v2\/media\/1925"}],"wp:attachment":[{"href":"https:\/\/espai-marx.net\/sacristan\/index.php?rest_route=%2Fwp%2Fv2%2Fmedia&parent=1924"}],"wp:term":[{"taxonomy":"post_tag","embeddable":true,"href":"https:\/\/espai-marx.net\/sacristan\/index.php?rest_route=%2Fwp%2Fv2%2Ftags&post=1924"},{"taxonomy":"tribe_events_cat","embeddable":true,"href":"https:\/\/espai-marx.net\/sacristan\/index.php?rest_route=%2Fwp%2Fv2%2Ftribe_events_cat&post=1924"}],"curies":[{"name":"wp","href":"https:\/\/api.w.org\/{rel}","templated":true}]}}

Escuela de formación de Joventut dels Comunistes de Catalunya, con Víctor Ríos
