{"id":1935,"date":"2025-11-11T16:51:11","date_gmt":"2025-11-11T15:51:11","guid":{"rendered":"https:\/\/espai-marx.net\/sacristan\/?post_type=tribe_events&#038;p=1935"},"modified":"2025-11-11T16:51:11","modified_gmt":"2025-11-11T15:51:11","slug":"acto-en-mollet-del-valles-con-victor-rios","status":"publish","type":"tribe_events","link":"https:\/\/espai-marx.net\/sacristan\/?tribe_events=acto-en-mollet-del-valles-con-victor-rios","title":{"rendered":"Acto en Mollet del Vall\u00e8s con V\u00edctor R\u00edos"},"content":{"rendered":"","protected":false},"excerpt":{"rendered":"","protected":false},"author":4,"featured_media":1936,"template":"","meta":{"_tribe_events_status":"","_tribe_events_status_reason":"","footnotes":""},"tags":[],"tribe_events_cat":[],"class_list":["post-1935","tribe_events","type-tribe_events","status-publish","has-post-thumbnail","hentry"],"_links":{"self":[{"href":"https:\/\/espai-marx.net\/sacristan\/index.php?rest_route=\/wp\/v2\/tribe_events\/1935","targetHints":{"allow":["GET"]}}],"collection":[{"href":"https:\/\/espai-marx.net\/sacristan\/index.php?rest_route=\/wp\/v2\/tribe_events"}],"about":[{"href":"https:\/\/espai-marx.net\/sacristan\/index.php?rest_route=\/wp\/v2\/types\/tribe_events"}],"author":[{"embeddable":true,"href":"https:\/\/espai-marx.net\/sacristan\/index.php?rest_route=\/wp\/v2\/users\/4"}],"version-history":[{"count":1,"href":"https:\/\/espai-marx.net\/sacristan\/index.php?rest_route=\/wp\/v2\/tribe_events\/1935\/revisions"}],"predecessor-version":[{"id":1937,"href":"https:\/\/espai-marx.net\/sacristan\/index.php?rest_route=\/wp\/v2\/tribe_events\/1935\/revisions\/1937"}],"wp:featuredmedia":[{"embeddable":true,"href":"https:\/\/espai-marx.net\/sacristan\/index.php?rest_route=\/wp\/v2\/media\/1936"}],"wp:attachment":[{"href":"https:\/\/espai-marx.net\/sacristan\/index.php?rest_route=%2Fwp%2Fv2%2Fmedia&parent=1935"}],"wp:term":[{"taxonomy":"post_tag","embeddable":true,"href":"https:\/\/espai-marx.net\/sacristan\/index.php?rest_route=%2Fwp%2Fv2%2Ftags&post=1935"},{"taxonomy":"tribe_events_cat","embeddable":true,"href":"https:\/\/espai-marx.net\/sacristan\/index.php?rest_route=%2Fwp%2Fv2%2Ftribe_events_cat&post=1935"}],"curies":[{"name":"wp","href":"https:\/\/api.w.org\/{rel}","templated":true}]}}

Acto en Mollet del Vallès con Víctor Ríos
