{"id":1938,"date":"2025-11-11T16:55:33","date_gmt":"2025-11-11T15:55:33","guid":{"rendered":"https:\/\/espai-marx.net\/sacristan\/?post_type=tribe_events&#038;p=1938"},"modified":"2025-11-11T16:55:33","modified_gmt":"2025-11-11T15:55:33","slug":"sessio-acim-sarria-manuel-sacristan-el-seu-pensament-en-la-crisi-social-politica-i-ecologica-actual","status":"publish","type":"tribe_events","link":"https:\/\/espai-marx.net\/sacristan\/?tribe_events=sessio-acim-sarria-manuel-sacristan-el-seu-pensament-en-la-crisi-social-politica-i-ecologica-actual","title":{"rendered":"Sessi\u00f3 ACIM Sarri\u00e0  Manuel Sacrist\u00e1n: el seu pensament en la crisi social pol\u00edtica i ecol\u00f2gica actual"},"content":{"rendered":"<p data-start=\"80\" data-end=\"95\"><strong data-start=\"80\" data-end=\"93\">Parlaran:<\/strong><\/p>\n<ul data-start=\"96\" data-end=\"197\">\n<li data-start=\"96\" data-end=\"113\">\n<p data-start=\"98\" data-end=\"113\">Miguel Candel<\/p>\n<\/li>\n<li data-start=\"114\" data-end=\"134\">\n<p data-start=\"116\" data-end=\"134\">Albert Corominas<\/p>\n<\/li>\n<li data-start=\"135\" data-end=\"161\">\n<p data-start=\"137\" data-end=\"161\">Jos\u00e9 Luis Mart\u00edn Ramos<\/p>\n<\/li>\n<li data-start=\"162\" data-end=\"177\">\n<p data-start=\"164\" data-end=\"177\">V\u00edctor R\u00edos<\/p>\n<\/li>\n<li data-start=\"178\" data-end=\"197\">\n<p data-start=\"180\" data-end=\"197\">Joaquim Sempere<\/p>\n<\/li>\n<\/ul>\n<p data-start=\"199\" data-end=\"271\" data-is-last-node=\"\" data-is-only-node=\"\"><strong data-start=\"199\" data-end=\"232\">\u00a0\ufe0f Dijous, 13 de novembre \u00b7 18 h<\/strong><\/p>\n<p>\u00a0Casa Orlandai, Jaume Piquet 23<\/p>\n<p>V\u00eda zoom: <a href=\"https:\/\/us05web.zoom.us\/postattendee?mn=0NBi0dZjmelHsdO52C1qMmADAsHo37LCJ0M0.1YTHV\">https:\/\/us05web.zoom.us\/postattendee?mn=0NBi0dZjmelHsdO52C1qMmADAsHo37LCJ0M0.1YTHV<\/a><\/p>\n<p>Organiza: Associaci\u00f3 Catalana d&#8217;Investigacions Marxistes (ACIM) <a href=\"https:\/\/bsky.app\/profile\/acimarxistes.bsky.social\">https:\/\/bsky.app\/profile\/acimarxistes.bsky.social<\/a><\/p>\n","protected":false},"excerpt":{"rendered":"<p>Parlaran: Miguel Candel Albert Corominas Jos\u00e9 Luis Mart\u00edn Ramos V\u00edctor R\u00edos Joaquim Sempere \u00a0\ufe0f Dijous, 13 de novembre \u00b7 18<\/p>\n","protected":false},"author":4,"featured_media":0,"template":"","meta":{"_tribe_events_status":"","_tribe_events_status_reason":"","footnotes":""},"tags":[],"tribe_events_cat":[],"class_list":["post-1938","tribe_events","type-tribe_events","status-publish","hentry"],"_links":{"self":[{"href":"https:\/\/espai-marx.net\/sacristan\/index.php?rest_route=\/wp\/v2\/tribe_events\/1938","targetHints":{"allow":["GET"]}}],"collection":[{"href":"https:\/\/espai-marx.net\/sacristan\/index.php?rest_route=\/wp\/v2\/tribe_events"}],"about":[{"href":"https:\/\/espai-marx.net\/sacristan\/index.php?rest_route=\/wp\/v2\/types\/tribe_events"}],"author":[{"embeddable":true,"href":"https:\/\/espai-marx.net\/sacristan\/index.php?rest_route=\/wp\/v2\/users\/4"}],"version-history":[{"count":1,"href":"https:\/\/espai-marx.net\/sacristan\/index.php?rest_route=\/wp\/v2\/tribe_events\/1938\/revisions"}],"predecessor-version":[{"id":1939,"href":"https:\/\/espai-marx.net\/sacristan\/index.php?rest_route=\/wp\/v2\/tribe_events\/1938\/revisions\/1939"}],"wp:attachment":[{"href":"https:\/\/espai-marx.net\/sacristan\/index.php?rest_route=%2Fwp%2Fv2%2Fmedia&parent=1938"}],"wp:term":[{"taxonomy":"post_tag","embeddable":true,"href":"https:\/\/espai-marx.net\/sacristan\/index.php?rest_route=%2Fwp%2Fv2%2Ftags&post=1938"},{"taxonomy":"tribe_events_cat","embeddable":true,"href":"https:\/\/espai-marx.net\/sacristan\/index.php?rest_route=%2Fwp%2Fv2%2Ftribe_events_cat&post=1938"}],"curies":[{"name":"wp","href":"https:\/\/api.w.org\/{rel}","templated":true}]}}

Sessió ACIM Sarrià  Manuel Sacristán: el seu pensament en la crisi social política i ecològica actual

<p data-start="80" data-end="95"><strong data-start="80" data-end="93">Parlaran:</strong></p>
<ul data-start="96" data-end="197">
<li data-start="96" data-end="113">
<p data-start="98" data-end="113">Miguel Candel</p>
</li>
<li data-start="114" data-end="134">
<p data-start="116" data-end="134">Albert Corominas</p>
</li>
<li data-start="135" data-end="161">
<p data-start="137" data-end="161">José Luis Martín Ramos</p>
</li>
<li data-start="162" data-end="177">
<p data-start="164" data-end="177">Víctor Ríos</p>
</li>
<li data-start="178" data-end="197">
<p data-start="180" data-end="197">Joaquim Sempere</p>
</li>
</ul>
<p data-start="199" data-end="271" data-is-last-node="" data-is-only-node=""><strong data-start="199" data-end="232"> ️ Dijous, 13 de novembre · 18 h</strong></p>
<p> Casa Orlandai, Jaume Piquet 23</p>
<p>Vía zoom: <a href="https://us05web.zoom.us/postattendee?mn=0NBi0dZjmelHsdO52C1qMmADAsHo37LCJ0M0.1YTHV">https://us05web.zoom.us/postattendee?mn=0NBi0dZjmelHsdO52C1qMmADAsHo37LCJ0M0.1YTHV</a></p>
<p>Organiza: Associació Catalana d&#8217;Investigacions Marxistes (ACIM) <a href="https://bsky.app/profile/acimarxistes.bsky.social">https://bsky.app/profile/acimarxistes.bsky.social</a></p>

<p>Parlaran: Miguel Candel Albert Corominas José Luis Martín Ramos Víctor Ríos Joaquim Sempere  ️ Dijous, 13 de novembre · 18</p>
